10*u - a = 0. What is the units digit of u?
5
Let y = 1179 + 39. What is the hundreds digit of y?
2
Suppose -2*d - b = -1400, 5*b + 4168 = 3*d + 3*d. Suppose -2*u - d = -f - 4*u, -f = 4*u - 696. What is the tens digit of f?
0
Let p(g) = -2. Let b(c) = -215*c - 18. Let s(x) = -b(x) - 5*p(x). What is the tens digit of s(4)?
8
Suppose 0 = i - 4*g - 16, -i = 4*g + 3 + 5. Suppose -16*c + 6195 = -2957. Suppose 4*v - c = -i*u + 104, 4*u = 3*v - 472. What is the tens digit of v?
6
Suppose -242*u - 110631 + 629024 = -2311313. What is the tens digit of u?
9
Suppose 0 = t + 2*v - 111, 5*t - 571 = -9*v + 7*v. Let d = 255 + t. What is the tens digit of d?
7
Suppose -2*x - s - 11 = -2*s, 4*x = 4*s - 20. Let o(f) = 9*f**2 - 16. What is the tens digit of o(x)?
0
Suppose -12*v = -13*v - 3, w - 6*v + 778 = 0. Let u = w - -1267. What is the units digit of u?
1
Let z(a) = 47*a**2 + 34*a + 247. What is the hundreds digit of z(-11)?
5
Let j = 22870 - 4562. What is the tens digit of j?
0
Let z = 629 + 597. Let h = 268 + z. What is the thousands digit of h?
1
What is the thousands digit of (28924/8)/((-25)/(-50))?
7
Let j(g) = 905*g**3 - 5*g**2 - 3*g + 7. What is the tens digit of j(2)?
2
Suppose 47500 = -15*u + 93995 + 600005. What is the ten thousands digit of u?
4
Let x(h) = -1862*h + 568. What is the units digit of x(-6)?
0
Suppose -7*y + 52338 + 18397 = 0. What is the hundreds digit of y?
1
Let g(i) = -60*i + 189. Let h be g(-23). Suppose -2*x = 28*o - 27*o - h, 4*x + 4*o = 3136. What is the tens digit of x?
8
Let v(n) = -n**2 - 2*n**3 + 2040 + 0*n**2 + n - 1363. What is the units digit of v(0)?
7
Let a(p) = 5*p**2 - 56*p + 11. Let q be a(25). Suppose 0 = -2*m, -m - 3*m - q = -2*v. What is the units digit of v?
8
Suppose u - 170*u + 4958009 + 789343 = 0. What is the ten thousands digit of u?
3
Let l(v) = 2*v**2 - 8*v - 19. Let m be (6 - 3)/(4/((-16)/3)). What is the tens digit of l(m)?
4
Let c be 5 + 712 + -2 + 1. Let m = c + 338. What is the thousands digit of m?
1
Let b be (2 - 1)/((-1)/12). Let c(a) = a**2 + 13*a + 18. Let l be c(b). What is the tens digit of (207/l)/((-15)/(-10))?
2
Let c be 0 - (-9)/(54/4992). Let n = 1599 - c. What is the units digit of n?
7
Let n(b) = 1595*b**3 - 2*b**2 + 8. Let r(i) = -1594*i**3 + 4*i**2 - i - 10. Let o(k) = 4*n(k) + 3*r(k). What is the units digit of o(1)?
1
Let g be 0 - 230/(-1)*(10 + -8). Let d = g + -37. What is the hundreds digit of d?
4
Let v be 5 - 1/(-6 - 65/(-10)). What is the units digit of (62 - v)/(2/26)?
7
Suppose 661985 = -227*q + 250*q - 24703. What is the thousands digit of q?
9
Suppose 4*v - 13128 = -a - a, 4*a + v - 26235 = 0. Suppose 245*c - 251*c = -a. What is the tens digit of c?
9
Let y = -4179 + 6052. What is the tens digit of y?
7
Let b(s) = 3*s**3 - 3*s**2 - 3*s + 2. Let w be b(2). Suppose 0 = -4*g + 12 + w. What is the units digit of 4/g*(-1 + 26 + 0)?
0
Suppose 4*s + 5169 - 21303 = 2*s. What is the hundreds digit of s?
0
What is the hundreds digit of ((-35065)/(-15) + 4 - 2)/((-15)/(-45))?
0
Suppose 51132 = -272*b + 274*b + 4*x, 0 = -4*b - x + 102229. What is the tens digit of b?
5
Suppose -2*u + 4 = 0, -3*h + u = 6*u - 53944. What is the ten thousands digit of h?
1
Let o = -229 - -767. Let n = o - 22. What is the units digit of n?
6
Let z be (50/(-8))/((-6)/2328). Suppose 6*k = z - 535. What is the units digit of k?
5
Let v(t) = -25*t - 158. Let u be v(-6). Let l(m) = -m**3 - m**2 + 2*m - 12. What is the units digit of l(u)?
0
Suppose -719*r + 12828 = -715*r. Suppose 6*y = r - 819. What is the units digit of y?
8
Let l be (-9)/12 - (-1260)/(-48). Let h = 110 + l. What is the tens digit of h?
8
Suppose -b - 280476 = -37*b. What is the units digit of b?
1
Suppose -5*x = 6*x - 33. Suppose x*d + 2122 = o, 4*o = 3*d - 6*d - 2132. What is the units digit of d/(-28) + (-2)/7?
5
Let u be 11 + -942 - 8/(-2). Let a = 357 - u. What is the tens digit of a?
8
Let s(t) = 12*t + 51. Let k be s(-4). Suppose 4*o = 2*o + 4*y + 390, -k*o - 2*y = -585. What is the hundreds digit of o?
1
Suppose -2*u + m + 0*m = -13, 0 = -3*u - 3*m - 3. Suppose 2*y - 3*z = 607, y - u*z = 186 + 125. What is the tens digit of y?
9
Let p(v) = 246*v**3 + 13*v**2 + v + 2. Let j(u) = 1 - 6*u**3 + u + 80*u**3 + 49*u**3 + 6*u**2. Let k(c) = -5*j(c) + 2*p(c). What is the tens digit of k(-1)?
2
Suppose -2*u + 0*u - 4*x - 30 = 0, -u = 5*x + 21. Let i(c) = c**2 + 49. What is the tens digit of i(u)?
7
Suppose -60*u = -55*u + 5*r - 126460, -4*u = -5*r - 101159. What is the tens digit of u?
9
Let m(r) = -r**3 + 32*r**2 + 54*r + 295. What is the units digit of m(27)?
8
Let z(k) = k**2 - 7*k - 18. Let d be z(10). Let m be ((-68)/d + 5)*-6. Suppose -1 = q - 3, m*q = 4*x - 720. What is the hundreds digit of x?
1
Let l(x) = -5*x - 61. Let s be l(-13). Suppose 4*y + 4*t = 2*t + 2212, 3*t + 2192 = s*y. What is the units digit of y?
1
Let o(n) = 3*n**2 - 58*n + 13. Let a(t) = 16*t**2 - 2*t - 1. Let b be a(-1). Let l be o(b). Let y = 181 + l. What is the units digit of y?
5
Let t(j) = 2*j + 55. Let f(s) = s**2 + 7*s + 16. Let y be f(-7). What is the tens digit of t(y)?
8
Let u be (-15 + 14)*(-23 - 0). Suppose -4*v = -u*v + 22040. What is the hundreds digit of v?
1
Let y be 5676/8 - (-15)/(-10). Suppose 4*g - 3*a - y = 3*g, 5 = -5*a. Suppose m - 274 = -2*p + 3*m, 5*p - m - g = 0. What is the hundreds digit of p?
1
Let n(q) = 72*q**2 - 49*q + 708. What is the hundreds digit of n(31)?
3
Let z(u) = 2*u**3 + 141*u**2 + 35*u - 304. What is the units digit of z(-69)?
4
Suppose 0 = 5*f + 4*r - 37096, -f + 3*r + 5548 = -1894. What is the units digit of f?
4
Let n = 56 - 56. Suppose -x + n*x + 26 = 0. What is the tens digit of x?
2
Suppose 0*m = 4*m, 4*m - 12 = -3*q. Let r = q - -4. Suppose 0*j + 1568 = r*j. What is the hundreds digit of j?
1
Suppose 5*y - 3*b - 2005 = 0, -16*y + 18*y - 2*b - 802 = 0. What is the tens digit of y?
0
Let t = -240 + 723. Let x = -208 + t. What is the hundreds digit of x?
2
Let h = 7375 - -2924. What is the ten thousands digit of h?
1
Let o(g) = -6*g**2 + 228*g + 19. What is the units digit of o(35)?
9
Let t = 371 - -491. Let n = t + 542. What is the hundreds digit of n?
4
Suppose 0*o = -3*o - 30. What is the thousands digit of (1 - -502)*2 - (-10)/o?
1
Let z = 86 - 80. Suppose -4*m - 8 = -5*q, m - 1 = -q + z. Suppose 2 = -o - 3, m*t - 275 = o. What is the tens digit of t?
9
Let g = 103 + -103. Suppose g = 6*w - 8*w - 76. Let r = w - -140. What is the tens digit of r?
0
Let o be (3/12)/(-1)*0/2. Suppose 2*s + 3*b - 979 = o, -989 = 5*s - 7*s - b. What is the tens digit of s?
9
Let b = 17113 - 8982. What is the tens digit of b?
3
Let v be 2*(-45)/(-10)*1. Let o be (-18)/v + -1 + 8. Suppose -o*j = j - 1362. What is the units digit of j?
7
Let o = 308 - 56. Suppose 5*m = -2*a + 775, 2*m + 502 + o = 2*a. What is the units digit of a?
0
Let i(z) = 3*z - 3. Let f be i(2). Let h be 111/(4/8 - -1). Suppose s = f*s - h. What is the units digit of s?
7
Let u(j) = -4*j**2 - 3*j - 3. Let k(i) = 5*i**2 + 3*i + 2. Let v(t) = -3*k(t) - 4*u(t). Suppose -s = -363 + 368. What is the units digit of v(s)?
6
Let z(w) = -4*w**3 - 8*w**2 + 29*w - 84. Let u be z(5). Let x = 1650 + u. What is the units digit of x?
1
Let m(f) = 1823*f**2 + 45*f + 44. What is the tens digit of m(-1)?
2
Suppose -398 + 100 = 2*y. Let t = -1424 - -1671. Let f = y + t. What is the units digit of f?
8
Let z(q) = 44*q - 53. Suppose 58 = -6*r + 94. What is the units digit of z(r)?
1
Suppose 0 = n + 3*n + 176. Let l = -43 - n. Let j(g) = 115*g**2 + 2*g - 2. What is the units digit of j(l)?
5
Let l = 330 + -3082. Let u = -1707 - l. What is the units digit of u?
5
Let a = -56 - -34. Let r = -20 - a. Suppose -3*b + r*t = -35 - 179, -2*b + 3*t + 136 = 0. What is the tens digit of b?
7
Let r(k) = -94*k - 3 + 12*k + 5 - 95*k. Suppose 0 = -6*s + 25*s + 19. What is the tens digit of r(s)?
7
What is the thousands digit of 58/(-87)*6309/(-2)?
2
What is the tens digit of ((-4175)/(-21) - (-56)/(-392))*84?
8
Suppose 0 = -u - 3*u. Suppose 3*z - 451 = -5*p, -9*z + 11*z = -2*p + 182. Suppose u = 6*n - p - 43. What is the units digit of n?
2
What is the thousands digit of (-42062)/(-4) - (8 + 165/(-20))*2?
0
Let w = -561 + 569. Let r(c) = 13*c**2 - 9*c - 7. What is the units digit of r(w)?
3
Let k